{"id":3918,"date":"2021-08-04T23:03:53","date_gmt":"2021-08-05T02:03:53","guid":{"rendered":"https:\/\/solobrasid.com\/porta-corta-fogo\/porta-corta-fogo\/?page_id=3918"},"modified":"2024-03-08T06:52:42","modified_gmt":"2024-03-08T09:52:42","slug":"contato","status":"publish","type":"page","link":"https:\/\/solobrasid.com\/porta-corta-fogo\/contato\/","title":{"rendered":"Contato | SOLOBRASID"},"content":{"rendered":"\n<p><\/p>\n\n\n\n<h2 class=\"wp-block-heading\"><strong>TELEFONE \/ WHATSAPP:<\/strong><\/h2>\n\n\n\n<h2 class=\"wp-block-heading\"><strong><a href=\"https:\/\/api.whatsapp.com\/send?phone=5511959032587\" target=\"_blank\" rel=\"noreferrer noopener\">11 95903-2587<\/a><\/strong><\/h2>\n\n\n\n<h4 class=\"wp-block-heading\">Atendimento via WhatsApp: <a href=\"https:\/\/api.whatsapp.com\/send?phone=5511959032587\" target=\"_blank\" rel=\"noreferrer noopener\"><strong>CLIQUE AQUI<\/strong><\/a><\/h4>\n\n\n\n<p>Atendimento via E mail basta nos enviar uma mensagem, o tempo de resposta \u00e9 r\u00e1pido:<\/p>\n\n\n\n<h3 class=\"wp-block-heading\">contato@solobrasileiro.com<\/h3>\n\n\n\n<p><\/p>\n\n\n\n<p><\/p>\n","protected":false},"excerpt":{"rendered":"<p>TELEFONE \/ WHATSAPP: 11 95903-2587 Atendimento via WhatsApp: CLIQUE AQUI Atendimento via E mail basta nos enviar uma mensagem, o tempo de resposta \u00e9 r\u00e1pido: contato@solobrasileiro.com<\/p>\n","protected":false},"author":1,"featured_media":0,"parent":0,"menu_order":0,"comment_status":"closed","ping_status":"closed","template":"","meta":{"footnotes":""},"class_list":["post-3918","page","type-page","status-publish","hentry"],"yoast_head":"<!-- This site is optimized with the Yoast SEO plugin v27.5 - https:\/\/yoast.com\/product\/yoast-seo-wordpress\/ -->\n<title>Contato | SOLOBRASID - SOLOBRASID<\/title>\n<meta name=\"robots\" content=\"index, follow, max-snippet:-1, max-image-preview:large, max-video-preview:-1\" \/>\n<link rel=\"canonical\" href=\"https:\/\/solobrasid.com\/porta-corta-fogo\/contato\/\" \/>\n<meta property=\"og:locale\" content=\"pt_BR\" \/>\n<meta property=\"og:type\" content=\"article\" \/>\n<meta property=\"og:title\" content=\"Contato | SOLOBRASID - SOLOBRASID\" \/>\n<meta property=\"og:description\" content=\"TELEFONE \/ WHATSAPP: 11 95903-2587 Atendimento via WhatsApp: CLIQUE AQUI Atendimento via E mail basta nos enviar uma mensagem, o tempo de resposta \u00e9 r\u00e1pido: contato@solobrasileiro.com\" \/>\n<meta property=\"og:url\" content=\"https:\/\/solobrasid.com\/porta-corta-fogo\/contato\/\" \/>\n<meta property=\"og:site_name\" content=\"SOLOBRASID\" \/>\n<meta property=\"article:modified_time\" content=\"2024-03-08T09:52:42+00:00\" \/>\n<meta name=\"twitter:card\" content=\"summary_large_image\" \/>\n<meta name=\"twitter:label1\" content=\"Est. tempo de leitura\" \/>\n\t<meta name=\"twitter:data1\" content=\"1 minuto\" \/>\n<script type=\"application\/ld+json\" class=\"yoast-schema-graph\">{\"@context\":\"https:\\\/\\\/schema.org\",\"@graph\":[{\"@type\":\"WebPage\",\"@id\":\"https:\\\/\\\/solobrasid.com\\\/porta-corta-fogo\\\/contato\\\/\",\"url\":\"https:\\\/\\\/solobrasid.com\\\/porta-corta-fogo\\\/contato\\\/\",\"name\":\"Contato | SOLOBRASID - SOLOBRASID\",\"isPartOf\":{\"@id\":\"https:\\\/\\\/solobrasid.com\\\/porta-corta-fogo\\\/#website\"},\"datePublished\":\"2021-08-05T02:03:53+00:00\",\"dateModified\":\"2024-03-08T09:52:42+00:00\",\"breadcrumb\":{\"@id\":\"https:\\\/\\\/solobrasid.com\\\/porta-corta-fogo\\\/contato\\\/#breadcrumb\"},\"inLanguage\":\"pt-BR\",\"potentialAction\":[{\"@type\":\"ReadAction\",\"target\":[\"https:\\\/\\\/solobrasid.com\\\/porta-corta-fogo\\\/contato\\\/\"]}]},{\"@type\":\"BreadcrumbList\",\"@id\":\"https:\\\/\\\/solobrasid.com\\\/porta-corta-fogo\\\/contato\\\/#breadcrumb\",\"itemListElement\":[{\"@type\":\"ListItem\",\"position\":1,\"name\":\"In\u00edcio\",\"item\":\"https:\\\/\\\/solobrasid.com\\\/porta-corta-fogo\\\/\"},{\"@type\":\"ListItem\",\"position\":2,\"name\":\"Contato | SOLOBRASID\"}]},{\"@type\":\"WebSite\",\"@id\":\"https:\\\/\\\/solobrasid.com\\\/porta-corta-fogo\\\/#website\",\"url\":\"https:\\\/\\\/solobrasid.com\\\/porta-corta-fogo\\\/\",\"name\":\"SOLOBRASID\",\"description\":\"Fabrica\u00e7\u00e3o e venda de portas corta fogo sob medida, oferecendo solu\u00e7\u00f5es personalizadas para atender \u00e0s suas necessidades! Portas corta fogo P120, P30, P60 e P90.\",\"publisher\":{\"@id\":\"https:\\\/\\\/solobrasid.com\\\/porta-corta-fogo\\\/#organization\"},\"potentialAction\":[{\"@type\":\"SearchAction\",\"target\":{\"@type\":\"EntryPoint\",\"urlTemplate\":\"https:\\\/\\\/solobrasid.com\\\/porta-corta-fogo\\\/?s={search_term_string}\"},\"query-input\":{\"@type\":\"PropertyValueSpecification\",\"valueRequired\":true,\"valueName\":\"search_term_string\"}}],\"inLanguage\":\"pt-BR\"},{\"@type\":\"Organization\",\"@id\":\"https:\\\/\\\/solobrasid.com\\\/porta-corta-fogo\\\/#organization\",\"name\":\"SOLOBRASID\",\"url\":\"https:\\\/\\\/solobrasid.com\\\/porta-corta-fogo\\\/\",\"logo\":{\"@type\":\"ImageObject\",\"inLanguage\":\"pt-BR\",\"@id\":\"https:\\\/\\\/solobrasid.com\\\/porta-corta-fogo\\\/#\\\/schema\\\/logo\\\/image\\\/\",\"url\":\"https:\\\/\\\/solobrasid.com\\\/porta-corta-fogo\\\/wp-content\\\/uploads\\\/sites\\\/3\\\/2021\\\/08\\\/SOLOBRASID.png\",\"contentUrl\":\"https:\\\/\\\/solobrasid.com\\\/porta-corta-fogo\\\/wp-content\\\/uploads\\\/sites\\\/3\\\/2021\\\/08\\\/SOLOBRASID.png\",\"width\":1073,\"height\":232,\"caption\":\"SOLOBRASID\"},\"image\":{\"@id\":\"https:\\\/\\\/solobrasid.com\\\/porta-corta-fogo\\\/#\\\/schema\\\/logo\\\/image\\\/\"}}]}<\/script>\n<!-- \/ Yoast SEO plugin. -->","yoast_head_json":{"title":"Contato | SOLOBRASID - SOLOBRASID","robots":{"index":"index","follow":"follow","max-snippet":"max-snippet:-1","max-image-preview":"max-image-preview:large","max-video-preview":"max-video-preview:-1"},"canonical":"https:\/\/solobrasid.com\/porta-corta-fogo\/contato\/","og_locale":"pt_BR","og_type":"article","og_title":"Contato | SOLOBRASID - SOLOBRASID","og_description":"TELEFONE \/ WHATSAPP: 11 95903-2587 Atendimento via WhatsApp: CLIQUE AQUI Atendimento via E mail basta nos enviar uma mensagem, o tempo de resposta \u00e9 r\u00e1pido: contato@solobrasileiro.com","og_url":"https:\/\/solobrasid.com\/porta-corta-fogo\/contato\/","og_site_name":"SOLOBRASID","article_modified_time":"2024-03-08T09:52:42+00:00","twitter_card":"summary_large_image","twitter_misc":{"Est. tempo de leitura":"1 minuto"},"schema":{"@context":"https:\/\/schema.org","@graph":[{"@type":"WebPage","@id":"https:\/\/solobrasid.com\/porta-corta-fogo\/contato\/","url":"https:\/\/solobrasid.com\/porta-corta-fogo\/contato\/","name":"Contato | SOLOBRASID - SOLOBRASID","isPartOf":{"@id":"https:\/\/solobrasid.com\/porta-corta-fogo\/#website"},"datePublished":"2021-08-05T02:03:53+00:00","dateModified":"2024-03-08T09:52:42+00:00","breadcrumb":{"@id":"https:\/\/solobrasid.com\/porta-corta-fogo\/contato\/#breadcrumb"},"inLanguage":"pt-BR","potentialAction":[{"@type":"ReadAction","target":["https:\/\/solobrasid.com\/porta-corta-fogo\/contato\/"]}]},{"@type":"BreadcrumbList","@id":"https:\/\/solobrasid.com\/porta-corta-fogo\/contato\/#breadcrumb","itemListElement":[{"@type":"ListItem","position":1,"name":"In\u00edcio","item":"https:\/\/solobrasid.com\/porta-corta-fogo\/"},{"@type":"ListItem","position":2,"name":"Contato | SOLOBRASID"}]},{"@type":"WebSite","@id":"https:\/\/solobrasid.com\/porta-corta-fogo\/#website","url":"https:\/\/solobrasid.com\/porta-corta-fogo\/","name":"SOLOBRASID","description":"Fabrica\u00e7\u00e3o e venda de portas corta fogo sob medida, oferecendo solu\u00e7\u00f5es personalizadas para atender \u00e0s suas necessidades! Portas corta fogo P120, P30, P60 e P90.","publisher":{"@id":"https:\/\/solobrasid.com\/porta-corta-fogo\/#organization"},"potentialAction":[{"@type":"SearchAction","target":{"@type":"EntryPoint","urlTemplate":"https:\/\/solobrasid.com\/porta-corta-fogo\/?s={search_term_string}"},"query-input":{"@type":"PropertyValueSpecification","valueRequired":true,"valueName":"search_term_string"}}],"inLanguage":"pt-BR"},{"@type":"Organization","@id":"https:\/\/solobrasid.com\/porta-corta-fogo\/#organization","name":"SOLOBRASID","url":"https:\/\/solobrasid.com\/porta-corta-fogo\/","logo":{"@type":"ImageObject","inLanguage":"pt-BR","@id":"https:\/\/solobrasid.com\/porta-corta-fogo\/#\/schema\/logo\/image\/","url":"https:\/\/solobrasid.com\/porta-corta-fogo\/wp-content\/uploads\/sites\/3\/2021\/08\/SOLOBRASID.png","contentUrl":"https:\/\/solobrasid.com\/porta-corta-fogo\/wp-content\/uploads\/sites\/3\/2021\/08\/SOLOBRASID.png","width":1073,"height":232,"caption":"SOLOBRASID"},"image":{"@id":"https:\/\/solobrasid.com\/porta-corta-fogo\/#\/schema\/logo\/image\/"}}]}},"_links":{"self":[{"href":"https:\/\/solobrasid.com\/porta-corta-fogo\/wp-json\/wp\/v2\/pages\/3918","targetHints":{"allow":["GET"]}}],"collection":[{"href":"https:\/\/solobrasid.com\/porta-corta-fogo\/wp-json\/wp\/v2\/pages"}],"about":[{"href":"https:\/\/solobrasid.com\/porta-corta-fogo\/wp-json\/wp\/v2\/types\/page"}],"author":[{"embeddable":true,"href":"https:\/\/solobrasid.com\/porta-corta-fogo\/wp-json\/wp\/v2\/users\/1"}],"replies":[{"embeddable":true,"href":"https:\/\/solobrasid.com\/porta-corta-fogo\/wp-json\/wp\/v2\/comments?post=3918"}],"version-history":[{"count":0,"href":"https:\/\/solobrasid.com\/porta-corta-fogo\/wp-json\/wp\/v2\/pages\/3918\/revisions"}],"wp:attachment":[{"href":"https:\/\/solobrasid.com\/porta-corta-fogo\/wp-json\/wp\/v2\/media?parent=3918"}],"curies":[{"name":"wp","href":"https:\/\/api.w.org\/{rel}","templated":true}]}}