{"id":9167,"date":"2024-08-20T07:44:14","date_gmt":"2024-08-20T10:44:14","guid":{"rendered":"https:\/\/solobrasid.com\/porta-corta-fogo\/?page_id=9167"},"modified":"2024-08-20T07:44:14","modified_gmt":"2024-08-20T10:44:14","slug":"normas-norma-abnt-nbr-porta-corta-fogo-pcf","status":"publish","type":"page","link":"https:\/\/solobrasid.com\/porta-corta-fogo\/normas-norma-abnt-nbr-porta-corta-fogo-pcf\/","title":{"rendered":"Normas norma ABNT NBR Porta Corta Fogo (PCF)"},"content":{"rendered":"\n<p>As normas da ABNT (Associa\u00e7\u00e3o Brasileira de Normas T\u00e9cnicas) relacionadas a portas corta-fogo (PCF) s\u00e3o importantes para garantir a seguran\u00e7a em edifica\u00e7\u00f5es, especialmente em casos de inc\u00eandio. As principais normas da ABNT sobre o assunto s\u00e3o:<\/p>\n\n\n\n<ol class=\"wp-block-list\">\n<li><strong>NBR 11742:2017<\/strong> &#8211; <strong>&#8220;Portas corta-fogo \u2014 Requisitos para constru\u00e7\u00e3o e instala\u00e7\u00e3o&#8221;<\/strong>: Esta norma especifica os requisitos para a constru\u00e7\u00e3o e instala\u00e7\u00e3o de portas corta-fogo, incluindo crit\u00e9rios de desempenho e m\u00e9todos de ensaio.<\/li>\n\n\n\n<li><strong>NBR 11743:2017<\/strong> &#8211; <strong>&#8220;Portas corta-fogo \u2014 M\u00e9todos de ensaio de resist\u00eancia ao fogo e de verifica\u00e7\u00e3o da integridade&#8221;<\/strong>: Define os m\u00e9todos para ensaios que avaliam a resist\u00eancia ao fogo e a integridade das portas corta-fogo.<\/li>\n\n\n\n<li><strong>NBR 9442:2020<\/strong> &#8211; <strong>&#8220;Portas e janelas \u2014 Terminologia&#8221;<\/strong>: Fornece defini\u00e7\u00f5es e termos relacionados a portas e janelas, incluindo portas corta-fogo, ajudando na correta interpreta\u00e7\u00e3o de outras normas.<\/li>\n\n\n\n<li><strong>NBR 14521:2010<\/strong> &#8211; <strong>&#8220;Sinaliza\u00e7\u00e3o de seguran\u00e7a para prote\u00e7\u00e3o contra inc\u00eandio&#8221;<\/strong>: Embora focada na sinaliza\u00e7\u00e3o, pode complementar o uso e instala\u00e7\u00e3o de portas corta-fogo ao fornecer diretrizes para sinaliza\u00e7\u00e3o adequada.<\/li>\n<\/ol>\n\n\n\n<p>Essas normas abordam aspectos t\u00e9cnicos relacionados ao desempenho, constru\u00e7\u00e3o e instala\u00e7\u00e3o de portas corta-fogo, al\u00e9m de especificar m\u00e9todos de ensaio para garantir que elas funcionem corretamente em situa\u00e7\u00f5es de inc\u00eandio.<\/p>\n\n\n\n<p>Download => <a href=\"https:\/\/solobrasid.com\/porta-corta-fogo\/acarau-ceara\/#Norma-ABNT-NBR\">norma ABNT NBR 11742\u00a0<\/a>.<\/p>\n","protected":false},"excerpt":{"rendered":"<p>As normas da ABNT (Associa\u00e7\u00e3o Brasileira de Normas T\u00e9cnicas) relacionadas a portas corta-fogo (PCF) s\u00e3o importantes para garantir a seguran\u00e7a em edifica\u00e7\u00f5es, especialmente em casos de inc\u00eandio. As principais normas da ABNT sobre o assunto s\u00e3o: Essas normas abordam aspectos t\u00e9cnicos relacionados ao desempenho, constru\u00e7\u00e3o e instala\u00e7\u00e3o de portas corta-fogo, al\u00e9m de especificar m\u00e9todos de [&hellip;]<\/p>\n","protected":false},"author":1,"featured_media":0,"parent":0,"menu_order":0,"comment_status":"closed","ping_status":"closed","template":"","meta":{"footnotes":""},"class_list":["post-9167","page","type-page","status-publish","hentry"],"yoast_head":"<!-- This site is optimized with the Yoast SEO plugin v27.4 - https:\/\/yoast.com\/product\/yoast-seo-wordpress\/ -->\n<title>Normas norma ABNT NBR Porta Corta Fogo (PCF) - SOLOBRASID<\/title>\n<meta name=\"robots\" content=\"index, follow, max-snippet:-1, max-image-preview:large, max-video-preview:-1\" \/>\n<link rel=\"canonical\" href=\"https:\/\/solobrasid.com\/porta-corta-fogo\/normas-norma-abnt-nbr-porta-corta-fogo-pcf\/\" \/>\n<meta property=\"og:locale\" content=\"pt_BR\" \/>\n<meta property=\"og:type\" content=\"article\" \/>\n<meta property=\"og:title\" content=\"Normas norma ABNT NBR Porta Corta Fogo (PCF) - SOLOBRASID\" \/>\n<meta property=\"og:description\" content=\"As normas da ABNT (Associa\u00e7\u00e3o Brasileira de Normas T\u00e9cnicas) relacionadas a portas corta-fogo (PCF) s\u00e3o importantes para garantir a seguran\u00e7a em edifica\u00e7\u00f5es, especialmente em casos de inc\u00eandio. As principais normas da ABNT sobre o assunto s\u00e3o: Essas normas abordam aspectos t\u00e9cnicos relacionados ao desempenho, constru\u00e7\u00e3o e instala\u00e7\u00e3o de portas corta-fogo, al\u00e9m de especificar m\u00e9todos de [&hellip;]\" \/>\n<meta property=\"og:url\" content=\"https:\/\/solobrasid.com\/porta-corta-fogo\/normas-norma-abnt-nbr-porta-corta-fogo-pcf\/\" \/>\n<meta property=\"og:site_name\" content=\"SOLOBRASID\" \/>\n<meta name=\"twitter:card\" content=\"summary_large_image\" \/>\n<meta name=\"twitter:label1\" content=\"Est. tempo de leitura\" \/>\n\t<meta name=\"twitter:data1\" content=\"2 minutos\" \/>\n<script type=\"application\/ld+json\" class=\"yoast-schema-graph\">{\"@context\":\"https:\\\/\\\/schema.org\",\"@graph\":[{\"@type\":\"WebPage\",\"@id\":\"https:\\\/\\\/solobrasid.com\\\/porta-corta-fogo\\\/normas-norma-abnt-nbr-porta-corta-fogo-pcf\\\/\",\"url\":\"https:\\\/\\\/solobrasid.com\\\/porta-corta-fogo\\\/normas-norma-abnt-nbr-porta-corta-fogo-pcf\\\/\",\"name\":\"Normas norma ABNT NBR Porta Corta Fogo (PCF) - SOLOBRASID\",\"isPartOf\":{\"@id\":\"https:\\\/\\\/solobrasid.com\\\/porta-corta-fogo\\\/#website\"},\"datePublished\":\"2024-08-20T10:44:14+00:00\",\"breadcrumb\":{\"@id\":\"https:\\\/\\\/solobrasid.com\\\/porta-corta-fogo\\\/normas-norma-abnt-nbr-porta-corta-fogo-pcf\\\/#breadcrumb\"},\"inLanguage\":\"pt-BR\",\"potentialAction\":[{\"@type\":\"ReadAction\",\"target\":[\"https:\\\/\\\/solobrasid.com\\\/porta-corta-fogo\\\/normas-norma-abnt-nbr-porta-corta-fogo-pcf\\\/\"]}]},{\"@type\":\"BreadcrumbList\",\"@id\":\"https:\\\/\\\/solobrasid.com\\\/porta-corta-fogo\\\/normas-norma-abnt-nbr-porta-corta-fogo-pcf\\\/#breadcrumb\",\"itemListElement\":[{\"@type\":\"ListItem\",\"position\":1,\"name\":\"In\u00edcio\",\"item\":\"https:\\\/\\\/solobrasid.com\\\/porta-corta-fogo\\\/\"},{\"@type\":\"ListItem\",\"position\":2,\"name\":\"Normas norma ABNT NBR Porta Corta Fogo (PCF)\"}]},{\"@type\":\"WebSite\",\"@id\":\"https:\\\/\\\/solobrasid.com\\\/porta-corta-fogo\\\/#website\",\"url\":\"https:\\\/\\\/solobrasid.com\\\/porta-corta-fogo\\\/\",\"name\":\"SOLOBRASID\",\"description\":\"Fabrica\u00e7\u00e3o e venda de portas corta fogo sob medida, oferecendo solu\u00e7\u00f5es personalizadas para atender \u00e0s suas necessidades! Portas corta fogo P120, P30, P60 e P90.\",\"publisher\":{\"@id\":\"https:\\\/\\\/solobrasid.com\\\/porta-corta-fogo\\\/#organization\"},\"potentialAction\":[{\"@type\":\"SearchAction\",\"target\":{\"@type\":\"EntryPoint\",\"urlTemplate\":\"https:\\\/\\\/solobrasid.com\\\/porta-corta-fogo\\\/?s={search_term_string}\"},\"query-input\":{\"@type\":\"PropertyValueSpecification\",\"valueRequired\":true,\"valueName\":\"search_term_string\"}}],\"inLanguage\":\"pt-BR\"},{\"@type\":\"Organization\",\"@id\":\"https:\\\/\\\/solobrasid.com\\\/porta-corta-fogo\\\/#organization\",\"name\":\"SOLOBRASID\",\"url\":\"https:\\\/\\\/solobrasid.com\\\/porta-corta-fogo\\\/\",\"logo\":{\"@type\":\"ImageObject\",\"inLanguage\":\"pt-BR\",\"@id\":\"https:\\\/\\\/solobrasid.com\\\/porta-corta-fogo\\\/#\\\/schema\\\/logo\\\/image\\\/\",\"url\":\"https:\\\/\\\/solobrasid.com\\\/porta-corta-fogo\\\/wp-content\\\/uploads\\\/sites\\\/3\\\/2021\\\/08\\\/SOLOBRASID.png\",\"contentUrl\":\"https:\\\/\\\/solobrasid.com\\\/porta-corta-fogo\\\/wp-content\\\/uploads\\\/sites\\\/3\\\/2021\\\/08\\\/SOLOBRASID.png\",\"width\":1073,\"height\":232,\"caption\":\"SOLOBRASID\"},\"image\":{\"@id\":\"https:\\\/\\\/solobrasid.com\\\/porta-corta-fogo\\\/#\\\/schema\\\/logo\\\/image\\\/\"}}]}<\/script>\n<!-- \/ Yoast SEO plugin. -->","yoast_head_json":{"title":"Normas norma ABNT NBR Porta Corta Fogo (PCF) - SOLOBRASID","robots":{"index":"index","follow":"follow","max-snippet":"max-snippet:-1","max-image-preview":"max-image-preview:large","max-video-preview":"max-video-preview:-1"},"canonical":"https:\/\/solobrasid.com\/porta-corta-fogo\/normas-norma-abnt-nbr-porta-corta-fogo-pcf\/","og_locale":"pt_BR","og_type":"article","og_title":"Normas norma ABNT NBR Porta Corta Fogo (PCF) - SOLOBRASID","og_description":"As normas da ABNT (Associa\u00e7\u00e3o Brasileira de Normas T\u00e9cnicas) relacionadas a portas corta-fogo (PCF) s\u00e3o importantes para garantir a seguran\u00e7a em edifica\u00e7\u00f5es, especialmente em casos de inc\u00eandio. As principais normas da ABNT sobre o assunto s\u00e3o: Essas normas abordam aspectos t\u00e9cnicos relacionados ao desempenho, constru\u00e7\u00e3o e instala\u00e7\u00e3o de portas corta-fogo, al\u00e9m de especificar m\u00e9todos de [&hellip;]","og_url":"https:\/\/solobrasid.com\/porta-corta-fogo\/normas-norma-abnt-nbr-porta-corta-fogo-pcf\/","og_site_name":"SOLOBRASID","twitter_card":"summary_large_image","twitter_misc":{"Est. tempo de leitura":"2 minutos"},"schema":{"@context":"https:\/\/schema.org","@graph":[{"@type":"WebPage","@id":"https:\/\/solobrasid.com\/porta-corta-fogo\/normas-norma-abnt-nbr-porta-corta-fogo-pcf\/","url":"https:\/\/solobrasid.com\/porta-corta-fogo\/normas-norma-abnt-nbr-porta-corta-fogo-pcf\/","name":"Normas norma ABNT NBR Porta Corta Fogo (PCF) - SOLOBRASID","isPartOf":{"@id":"https:\/\/solobrasid.com\/porta-corta-fogo\/#website"},"datePublished":"2024-08-20T10:44:14+00:00","breadcrumb":{"@id":"https:\/\/solobrasid.com\/porta-corta-fogo\/normas-norma-abnt-nbr-porta-corta-fogo-pcf\/#breadcrumb"},"inLanguage":"pt-BR","potentialAction":[{"@type":"ReadAction","target":["https:\/\/solobrasid.com\/porta-corta-fogo\/normas-norma-abnt-nbr-porta-corta-fogo-pcf\/"]}]},{"@type":"BreadcrumbList","@id":"https:\/\/solobrasid.com\/porta-corta-fogo\/normas-norma-abnt-nbr-porta-corta-fogo-pcf\/#breadcrumb","itemListElement":[{"@type":"ListItem","position":1,"name":"In\u00edcio","item":"https:\/\/solobrasid.com\/porta-corta-fogo\/"},{"@type":"ListItem","position":2,"name":"Normas norma ABNT NBR Porta Corta Fogo (PCF)"}]},{"@type":"WebSite","@id":"https:\/\/solobrasid.com\/porta-corta-fogo\/#website","url":"https:\/\/solobrasid.com\/porta-corta-fogo\/","name":"SOLOBRASID","description":"Fabrica\u00e7\u00e3o e venda de portas corta fogo sob medida, oferecendo solu\u00e7\u00f5es personalizadas para atender \u00e0s suas necessidades! Portas corta fogo P120, P30, P60 e P90.","publisher":{"@id":"https:\/\/solobrasid.com\/porta-corta-fogo\/#organization"},"potentialAction":[{"@type":"SearchAction","target":{"@type":"EntryPoint","urlTemplate":"https:\/\/solobrasid.com\/porta-corta-fogo\/?s={search_term_string}"},"query-input":{"@type":"PropertyValueSpecification","valueRequired":true,"valueName":"search_term_string"}}],"inLanguage":"pt-BR"},{"@type":"Organization","@id":"https:\/\/solobrasid.com\/porta-corta-fogo\/#organization","name":"SOLOBRASID","url":"https:\/\/solobrasid.com\/porta-corta-fogo\/","logo":{"@type":"ImageObject","inLanguage":"pt-BR","@id":"https:\/\/solobrasid.com\/porta-corta-fogo\/#\/schema\/logo\/image\/","url":"https:\/\/solobrasid.com\/porta-corta-fogo\/wp-content\/uploads\/sites\/3\/2021\/08\/SOLOBRASID.png","contentUrl":"https:\/\/solobrasid.com\/porta-corta-fogo\/wp-content\/uploads\/sites\/3\/2021\/08\/SOLOBRASID.png","width":1073,"height":232,"caption":"SOLOBRASID"},"image":{"@id":"https:\/\/solobrasid.com\/porta-corta-fogo\/#\/schema\/logo\/image\/"}}]}},"_links":{"self":[{"href":"https:\/\/solobrasid.com\/porta-corta-fogo\/wp-json\/wp\/v2\/pages\/9167","targetHints":{"allow":["GET"]}}],"collection":[{"href":"https:\/\/solobrasid.com\/porta-corta-fogo\/wp-json\/wp\/v2\/pages"}],"about":[{"href":"https:\/\/solobrasid.com\/porta-corta-fogo\/wp-json\/wp\/v2\/types\/page"}],"author":[{"embeddable":true,"href":"https:\/\/solobrasid.com\/porta-corta-fogo\/wp-json\/wp\/v2\/users\/1"}],"replies":[{"embeddable":true,"href":"https:\/\/solobrasid.com\/porta-corta-fogo\/wp-json\/wp\/v2\/comments?post=9167"}],"version-history":[{"count":0,"href":"https:\/\/solobrasid.com\/porta-corta-fogo\/wp-json\/wp\/v2\/pages\/9167\/revisions"}],"wp:attachment":[{"href":"https:\/\/solobrasid.com\/porta-corta-fogo\/wp-json\/wp\/v2\/media?parent=9167"}],"curies":[{"name":"wp","href":"https:\/\/api.w.org\/{rel}","templated":true}]}}